*j - 1728. Let w be h(4). Determine z(w).
-21
Let o(g) = -19*g**3 + 29*g**2 + 5*g - 32. Let y(t) = -7*t**3 + 10*t**2 + t - 11. Let v(l) = -3*o(l) + 8*y(l). What is v(6)?
-70
Let k be (1 + -4 - -198) + 2. Let p = k + -201. Let z(i) = i**2 + 4*i + 4. What is z(p)?
4
Suppose 2*k - 5*l + 105 - 1056 = 0, -2*l - 473 = -k. Let c = -457 + k. Let b(u) = -u**3 + 6*u**2 + 2*u - 3. What is b(c)?
9
Let r = -1003 - -1003. Let g(d) = -d**3 + 5*d - 24. What is g(r)?
-24
Let p(g) = 17*g**2 + 28*g - 11. Let q(s) = -8*s**2 - 13*s + 5. Let x(z) = 6*p(z) + 13*q(z). Calculate x(-1).
-2
Let f = -33067 - -198403/6. Let z(h) be the second derivative of 1/12*h**4 - 2*h**2 - 24*h + f*h**3 + 0. Calculate z(0).
-4
Suppose -6*z - 466 = -490. Let w(a) = z*a + 4*a + 2*a**2 + a + 3 + 2*a**2 - 7*a. Give w(3).
45
Let h = 29 + -25. Suppose -h*f - 9 = 11. Let s(x) be the second derivative of x**4/12 + 5*x**3/6 + 3*x**2/2 - x. Give s(f).
3
Let j(k) = k + 20 + k**3 - 4 - 14. Let z(u) = 8*u**3 + 5. Let x(p) = -2*j(p) + z(p). Give x(1).
5
Let m be (6 + 0)*(-9)/(-27). Let d(i) = 9*i - 8*i - i**3 - 5 + 4*i + 8*i**2 - 4*i**m. Let c be 116/30 - 16/(-120). Give d(c).
15
Let p(i) = 2*i + 3. Let f(w) = w**2 + 3*w + 8. Let v be (19 - 19)/(0 + 1). Let y be f(v). Determine p(y).
19
Let w = -14 + 17. Let u(y) be the second derivative of 1/6*y**4 - 2/3*y**3 + 0 - 4*y + 2*y**2 - 1/20*y**5. Give u(w).
-17
Let n(x) = -1494 + 3035 + 36*x - 1640. Calculate n(3).
9
Let h(t) = t**3 + 7*t**2 + 8*t + 1. Let k be ((-18)/12)/(-3 - (-711)/240). Let a = k - 46. Determine h(a).
-11
Let l(m) = -m**3 - 31*m**2 - m - 29. Let d be l(-31). Let k(p) = 2*p + 6. Let c(a) = a + 10. Let z(v) = d*c(v) - 3*k(v). Calculate z(6).
-22
Let y(j) be the first derivative of 238 + 11/2*j**2 + 1/3*j**3 + 15*j. Calculate y(-6).
-15
Suppose 3*x - 6 = 9. Let p(f) be the third derivative of 0 + 5*f**2 - 1/60*f**5 - 1/3*f**3 - 13*f + 7/24*f**4. Determine p(x).
8
Let i(m) be the third derivative of -m**5/60 + 11*m**4/24 - 5*m**3/3 + 2*m**2. Let v be i(4). Let c(r) = 2 + 0 - v*r + 17*r. Determine c(0).
2
Suppose 160 = -5*b + b. Let t be (-1)/4*b/(-12)*-6. Let x(u) = 1 + t + 0 - u - u. Calculate x(5).
-4
Let t(q) = q**3 - 8*q**2 + 4*q + 23. Let r be t(7). Suppose 14*w = 6*w + 72. Let n(b) = 0 + 19*b - 2 - 20*b + w*b. Calculate n(r).
14
Let p(x) = 18*x - 8*x + 4 - 4*x**2 + x**2 + 4*x**2. Suppose 3*d - 14 = 8*d - 3*m, 3*m = -5*d - 26. Determine p(d).
-20
Let p(i) be the third derivative of 0*i**3 - 1/240*i**6 + 0*i + 1/60*i**5 + 0 - 31*i**2 - 9/8*i**4. Let z(d) be the second derivative of p(d). Give z(4).
-10
Let d(s) = 3*s**3 + s + 1. Let b(h) = h**2 - 11*h - 6. Let p be b(12). Let i be (-260)/(-36) + p/(-27). Suppose 3 - 10 = i*x. Calculate d(x).
-3
Let y(q) = q**3 - 5*q**2 + 4*q + 1. Suppose 3*c - 3*z = -46 + 52, 4 = c + z. Calculate y(c).
-5
Let i(a) = -7*a - 47. Let l(d) = -9*d + 8. Let j(y) = -i(y) + l(y). Determine j(17).
21
Let q(d) = -d**2 - d + 8. Let g(r) = 5*r - 36. Let a be g(6). Let f be (-12)/(-4) + a + 3. What is q(f)?
8
Let v(a) be the third derivative of a**6/360 - 3*a**5/40 - a**4/3 - 22*a**3/3 + 19*a**2 + 1. Let q(r) be the first derivative of v(r). Give q(11).
14
Let j(q) = q**2 + 1. Let n(m) = m**2 + m + 1. Let i(h) = -h**2 + 3*h + 21. Let d be i(-4). Let y(u) = d*n(u) + 6*j(u). Give y(-7).
-1
Let f(m) = 2*m + 41. Let a be ((-105)/(-525))/(0 + 1/15). Suppose p + 23 = -a*h, -4*h + 3 = -7*h. Give f(p).
1
Let t be ((-120)/(-100))/((-4)/30). Let y be (-56)/(-10) + (t/15 - -1). Let o(g) = y*g - 1 - 7 + 7. What is o(1)?
5
Let k(u) = 3*u**3 + 3*u**2 + 4*u + 4. Suppose -5*b + 4*d + 10 = 0, 6*b - b - 2*d = 0. Give k(b).
-16
Let k(s) = -s**3 - 5*s**2 - 4*s + 1. Let l = -28412 + 28409. What is k(l)?
-5
Let j(s) be the first derivative of -s**4/4 + 8*s**3/3 + s**2/2 - 2*s + 1324. Calculate j(8).
6
Let y(v) = 186*v + 629. Let x(i) = -61*i - 210. Let f(k) = 8*x(k) + 3*y(k). Let l be f(-3). Let t(z) = -z**2 - 3*z + 4. What is t(l)?
4
Let i = -670 + 670. Suppose -x + 5 = -0*x. Suppose i*l = x*l + 35. Let k(s) = -s**3 - 7*s**2 + 8. What is k(l)?
8
Let z(f) = 2*f + 3 + 3 - 2. Let q(c) = -c**3 + 16*c**2 + 52*c - 589. Let m be q(17). What is z(m)?
16
Let i(o) be the third derivative of o**7/5040 + o**6/180 + o**5/60 + 5*o**3 - o**2 - 7*o. Let h(g) be the third derivative of i(g). Calculate h(4).
8
Let n(g) = 9*g - 51. Let q be n(6). Let w(l) = 181 - 3*l + l - 195 + q*l - l**2. Give w(0).
-14
Let l(r) = -r**2 - 2*r - 1. Let m(h) = 2*h**2 + h - 5. Let z be m(2). Suppose z*f + 188 = -5*w + f, w - 4*f = -28. Let d = w + 35. Determine l(d).
0
Let c(q) = 4*q**2 + 3*q + 2. Suppose -4*a - 9*a = -130. Suppose 3*w = 6 - 0, 4*x - w + a = 0. Give c(x).
12
Let w(k) = -5*k**2 - 23*k + 7. Suppose 5*a + 5 = 4*r, -4*a + 12 - 37 = r. Determine w(r).
-3
Let o(h) be the first derivative of h**3/3 + 7*h**2 + 30*h - 356. Give o(-12).
6
Let g(v) = -16*v - 5. Let p(k) = -21*k - 7. Let q(z) = 4*g(z) - 3*p(z). Let a be (0 - 0) + -4 + -1. Determine q(a).
6
Let a(j) = -16*j**3 - j**2 - j - 2. Let x be -8 - (9/(24 + -6) + 60/(-8)). Give a(x).
14
Let y(l) be the second derivative of -l**5/20 - l**4/12 + l**3/3 - 5*l**2/2 - 17044*l. Let i = -1 + 1. Determine y(i).
-5
Let t(m) = -m**2 - 15*m - 3. Let j(g) = g**2 + 8*g + 1. Let v be 0*((-6)/(-3))/4. Suppose 10*k - 13*k - 9 = v. Let q(f) = k*t(f) - 5*j(f). Calculate q(5).
-21
Let k be 0/2 + -9 + 1. Let r(y) = 7*y**2 - 41*y + 14. Let h(c) = 18*c**2 - 108*c + 36. Let p(a) = 5*h(a) - 13*r(a). What is p(k)?
-10
Let s(r) = -r**2 - r - 1. Let j be (-1)/3 + (-161)/(-69). Let i(w) = w**2 + 2*w - 1. Let t(h) = j*s(h) + i(h). Calculate t(0).
-3
Let s(f) = f**3 + f**2 - 12*f - 13. Suppose -14*b + 10*b - 28 = -4*v, -4*b - 19 = -v. Calculate s(b).
-13
Let y(j) be the second derivative of 1/6*j**3 + 117*j - 1 + 3/2*j**2. What is y(6)?
9
Let y(s) = -s**3 - 3*s**2 - 5*s - 10. Let k be y(-3). Let f(z) = 0*z - 14*z + 3*z + z**2 + 3*z + k. What is f(5)?
-10
Let j(q) = q**2 - 18*q + 46. Suppose h = 3*s + 29, -3*h + 0*h = -2*s - 52. Give j(h).
-10
Let y(c) = 9*c**2 - 60*c - 21. Let f(i) = -5*i**2 + 32*i + 10. Let u(d) = 11*f(d) + 6*y(d). Determine u(-8).
-16
Let j(q) = -q**3 - 4*q**2 - 3*q + 4. Suppose 7*x = 10*x - 120. Suppose 5*z + 0*h - h - 238 = 0, -z + x = -4*h. Let w = z - 52. Give j(w).
16
Let x = 54447 + -54452. Let c(m) = 22*m + 2. Let l(y) = -7*y - 1. Let g be (-1)/(1*(-1)/5). Let w(d) = g*c(d) + 16*l(d). Give w(x).
4
Let i be 1/(((-4)/16)/(3/4)). Let y(g) = -1. Let k(d) = -d - 12. Let o(t) = i*y(t) - k(t). Let x = 2 - 2. What is o(x)?
15
Let t = 201 + -186. Suppose 1 = 4*s - t. Let c(d) = d**2 + 3 - d**3 - 4*d**2 + 5*d**2 + 5*d + 0*d. Determine c(s).
-9
Let w(j) = j**2 + 7*j + 6. Let n(i) = 159*i + 636. Let y be n(-4). Determine w(y).
6
Let a(i) = -i**2 - 3*i + 2. Suppose -275 = 30*m - 35*m. Suppose 68*p + 39 = m*p. Calculate a(p).
2
Let c(r) = -3*r + 20. Let k(g) = 969*g + 6807. Let b be k(-7). What is c(b)?
-52
Let p(h) = 9*h**3 - 28*h**2 + 23*h - 10. Let l(c) = -26*c**3 + 81*c**2 - 66*c + 29. Let x(g) = 8*l(g) + 23*p(g). Let t be 51/12 - 1/4. Give x(t).
6
Suppose 0 = 15*z - 12*z - 9. Let p(v) = 0 - z*v + 0 + 7 - 29. Determine p(-7).
-1
Let m(f) be the third derivative of 0 + 0*f + 1/12*f**4 + 3*f**2 + 1/30*f**5 - 1/4*f**6 + 1/6*f**3. Calculate m(-1).
31
Let r(u) be the second derivative of -7/6*u**3 + 0 + 3/2*u**2 + 8*u. Let c(a) = -10*a + 4. Let d(h) = -5*c(h) + 7*r(h). What is d(-7)?
-6
Suppose 3*n - 1 = 11. Let h be n - (-50)/(8 + -3). Let s(t) = -9 - t + 7 + h. Calculate s(9).
3
Let z(w) = 3. Let v(h) = h + 6. Let i(r) = -3*v(r) + z(r). Calculate i(-7).
6
Let c(x) = 4*x**2 + 4*x - 4. Let a be (1 + -1 - 15/12) + 3/(-4). Determine c(a).
4
Let f(s) be the second derivative of s**3/6 + 9*s**2/2 + 106*s. Give f(-4).
5
Let u(o) = -o**3 + 3*o**2 + 4*o - 1. Suppose 119 = 6*l - 5*l - 3*r, 2*l + 5*r - 238 = 0. Let w = l + -116. Determine u(w).
11
Let v(r) = -20*r + 98. Let i be -2 + 6 - -2*(-3)/(2 - 8). Determine v(i).
-2
Let s(d) = -2 - 5*d**2 + 4 - 1 + 12*d**2. Let q be 209 + (4/3)/(2/(-6)). Let o = q - 204. Calculate s(o).
8
Let x(k) = -16*k**3 + 2*k**2 - k. Let p = -9 + 14. Suppose p*c = 52 - 47. Give x(c).
-15
Suppose 6*t = -857 - 331. Let q = t + 198. Let c(v) = -2 + 10 - 2*v + 3*v. Calculate c(q).
8
Let j(u) = 6*u + 481 -